he highest common divisor of 952 and 123854248?
952
What is the highest common divisor of 469 and 60090893?
67
What is the highest common divisor of 266121 and 1161?
9
Calculate the greatest common divisor of 855256 and 72.
8
What is the highest common divisor of 79286757 and 16533?
5511
What is the greatest common factor of 1339 and 5343?
13
What is the highest common divisor of 35 and 691033?
7
What is the highest common divisor of 66 and 35221538?
22
Calculate the highest common divisor of 98895 and 7731160.
1735
Calculate the greatest common factor of 566764 and 96316.
484
What is the greatest common divisor of 112778 and 51146?
214
Calculate the greatest common divisor of 1949267 and 266.
19
Calculate the greatest common divisor of 564 and 7471214.
94
What is the greatest common factor of 14 and 1395396?
2
What is the greatest common divisor of 7642076 and 5070364?
14612
Calculate the greatest common divisor of 13386 and 140990.
46
Calculate the greatest common divisor of 26421549 and 1617.
231
Calculate the highest common divisor of 1295 and 162365.
35
Calculate the greatest common divisor of 20119380 and 120.
60
What is the greatest common divisor of 6883002 and 432?
54
Calculate the highest common factor of 2889 and 26684195.
107
Calculate the highest common divisor of 5378430 and 660.
30
Calculate the greatest common factor of 23815 and 133815.
55
Calculate the greatest common factor of 1240520 and 2120.
40
What is the greatest common divisor of 14262445 and 228?
19
What is the greatest common factor of 3 and 16558917?
3
Calculate the highest common factor of 2712 and 76344.
24
Calculate the highest common factor of 2474 and 94944698.
2474
What is the highest common divisor of 3220683 and 1?
1
What is the greatest common factor of 38346 and 65338098?
3486
What is the highest common divisor of 453752 and 501800?
104
Calculate the highest common divisor of 37642 and 1291687.
59
Calculate the highest common factor of 17710 and 25660502.
322
Calculate the highest common divisor of 9540461 and 1708.
427
Calculate the highest common divisor of 169126 and 62830.
206
What is the highest common factor of 812 and 100840888?
116
Calculate the greatest common divisor of 76254 and 132102.
1074
Calculate the highest common factor of 30575 and 280635695.
6115
Calculate the greatest common factor of 121565922 and 11190.
2238
Calculate the highest common factor of 358209 and 92934.
27
Calculate the greatest common factor of 172746 and 669048.
2742
What is the greatest common factor of 42085 and 30124?
443
What is the greatest common factor of 13467920 and 79?
79
Calculate the highest common factor of 84038958 and 1134.
162
What is the greatest common divisor of 34190 and 170560?
130
What is the highest common factor of 8120388 and 166?
166
What is the greatest common divisor of 226494 and 657?
9
Calculate the highest common divisor of 65060300 and 43425.
4825
Calculate the highest common divisor of 9810 and 26559594.
1962
What is the greatest common factor of 188282150 and 350?
350
Calculate the highest common divisor of 55 and 197305.
5
Calculate the highest common factor of 3206 and 276111254.
458
What is the greatest common divisor of 7565 and 5620350?
445
What is the greatest common divisor of 58788 and 74826?
18
Calculate the highest common divisor of 295978263 and 29.
29
Calculate the highest common factor of 30 and 77731270.
10
What is the highest common divisor of 67920 and 1112880?
240
What is the greatest common divisor of 1251391 and 33449?
83
Calculate the greatest common divisor of 10437 and 2668251.
213
What is the highest common factor of 784 and 79550128?
784
Calculate the greatest common divisor of 30195 and 36245.
55
What is the greatest common factor of 45 and 19963090?
5
What is the greatest common factor of 18270050 and 460?
230
Calculate the highest common factor of 442 and 7121.
1
Calculate the highest common factor of 613608 and 328.
8
Calculate the greatest common divisor of 735599 and 11467024.
1891
What is the highest common divisor of 430005180 and 56496?
14124
What is the highest common factor of 4972907 and 129?
43
What is the greatest common factor of 24 and 280186650?
6
What is the greatest common divisor of 1046994 and 20429?
31
What is the highest common factor of 90 and 3744270?
90
What is the greatest common factor of 65449002 and 37056?
1158
Calculate the greatest common divisor of 367764607 and 7.
7
What is the greatest common divisor of 59274 and 115884?
666
Calculate the greatest common factor of 142320 and 225933.
1779
Calculate the highest common divisor of 7714144 and 15200.
32
Calculate the greatest common factor of 44 and 59627766.
22
What is the highest common divisor of 962532 and 21618?
18
Calculate the highest common divisor of 1570 and 24291668.
314
What is the greatest common factor of 100270683 and 7884?
1971
What is the greatest common divisor of 23355 and 945618?
519
Calculate the greatest common factor of 5558688 and 3096.
72
What is the greatest common factor of 195146 and 841337?
1841
Calculate the highest common factor of 7685 and 5470130.
265
What is the highest common factor of 5979365 and 14?
7
Calculate the highest common divisor of 5403625 and 1390.
695
Calculate the greatest common factor of 4596858 and 27.
27
Calculate the highest common divisor of 1080 and 37153620.
540
Calculate the highest common factor of 1200800 and 128.
32
Calculate the highest common divisor of 403108 and 897864.
716
What is the highest common factor of 948 and 408224?
4
Calculate the greatest common divisor of 820 and 23200260.
820
What is the greatest common divisor of 20364 and 10368?
12
What is the highest common divisor of 3164120 and 80?
40
What is the greatest common factor of 162 and 985398?
6
What is the greatest common factor of 11475354 and 5016?
1254
Calculate the highest common factor of 7136933 and 411815.
3581
What is the highest common divisor of 11840 and 1130240?
320
Calculate the greatest common factor of 2048 and 48267776.
512
Calculate the greatest common divisor of 42126 and 998634.
2478
Calculate the greatest common divisor of 6053650 and 16400.
2050
What is the greatest common factor of 36568 and 29848?
56
Calculate the highest common divisor of 520 and 70491460.
260
Calculate the greatest common factor of 2 and 27929024.
2
Calculate the highest common factor of 57699 and 297.
27
Calculate the highest common factor of 543921543 and 44.
11
Calculate the highest common factor of 947920 and 31160.
1640
Calculate the highest common divisor of 99524 and 32804.
556
What is the greatest common factor of 120742137 and 999?
999
Calculate the highest common factor of 2244 and 1353462.
66
What is the greatest common divisor of 1446932016 and 36?
36
What is the highest common factor of 10846 and 525393?
319
What is the greatest common factor of 3350 and 2739675?
25
What is the greatest common factor of 2172542 and 24058?
1046
Calculate the highest common divisor of 311689 and 4900.
49
What is the greatest common factor of 156460 and 3200?
20
What is the highest common divisor of 60 and 580430748?
12
What is the greatest common divisor of 54279885 and 45?
15
What is the highest common factor of 297879979 and 3274?
1637
Calculate the greatest common factor of 8 and 517440472.
8
Calculate the greatest common factor of 4862829 and 2568.
321
What is the highest common divisor of 268646609 and 154?
77
What is the highest common divisor of 743649 and 308271?
1461
Calculate the greatest common factor of 694958 and 3658.
62
What is the greatest common divisor of 120769790 and 35?
5
Calculate the highest common divisor of 111615 and 3545105.
5315
What is the greatest common factor of 288 and 12072816?
144
Calculate the greatest common factor of 10840 and 26750410.
2710
Calculate the highest common divisor of 2598654 and 312006.
2094
Calculate the highest common divisor of 6146229531 and 12813.
12813
Calculate the greatest common factor of 119550 and 9350.
50
Calculate the greatest common divisor of 22066 and 1050082.
1298
What is the greatest common divisor of 6094 and 666688?
22
What is the highest common divisor of 29 and 157815709?
29
What is the highest common factor of 1253 and 321265?
7
Calculate the 